oes 21 divide 3268?
False
Does 22 divide 22?
True
Does 157 divide 58995?
False
Is 2772 a multiple of 14?
True
Is 941 a multiple of 15?
False
Is 51 a factor of 408?
True
Is 1170 a multiple of 45?
True
Does 26 divide 832?
True
Is 108 a factor of 1728?
True
Is 508 a multiple of 254?
True
Does 94 divide 9870?
True
Is 3401 a multiple of 19?
True
Is 3 a factor of 239?
False
Is 24 a factor of 156?
False
Does 43 divide 3182?
True
Does 60 divide 13980?
True
Is 630 a multiple of 87?
False
Is 21 a factor of 54635?
False
Is 179 a factor of 9360?
False
Is 710 a multiple of 10?
True
Does 10 divide 447?
False
Is 10 a factor of 2036?
False
Is 27 a factor of 1458?
True
Is 17442 a multiple of 29?
False
Is 544 a multiple of 34?
True
Is 11415 a multiple of 10?
False
Does 145 divide 3355?
False
Is 1176 a multiple of 43?
False
Does 170 divide 17510?
True
Is 16306 a multiple of 15?
False
Does 28 divide 3342?
False
Does 35 divide 46655?
True
Does 13 divide 3440?
False
Is 3696 a multiple of 22?
True
Does 13 divide 7813?
True
Is 68 a factor of 764?
False
Does 58 divide 58?
True
Is 144187 a multiple of 23?
True
Is 8 a factor of 104?
True
Is 24 a factor of 959?
False
Does 36 divide 18294?
False
Is 192 a factor of 1920?
True
Is 143 a factor of 6161?
False
Is 25 a factor of 863?
False
Does 22 divide 1709?
False
Does 27 divide 3680?
False
Is 13572 a multiple of 36?
True
Does 4 divide 221?
False
Does 15 divide 945?
True
Does 7 divide 4935?
True
Does 36 divide 3536?
False
Is 1040 a multiple of 65?
True
Is 76 a factor of 837?
False
Is 28 a factor of 25788?
True
Does 45 divide 1257?
False
Is 26440 a multiple of 53?
False
Does 32 divide 23887?
False
Is 192 a multiple of 16?
True
Is 14 a factor of 3423?
False
Is 1649 a multiple of 4?
False
Does 13 divide 12727?
True
Is 7 a factor of 561?
False
Does 21 divide 762?
False
Is 25 a factor of 24125?
True
Is 692 even?
True
Is 6 a factor of 1034?
False
Is 16315 even?
False
Is 487 a multiple of 67?
False
Is 13 a factor of 36720?
False
Is 9 a factor of 3312?
True
Is 63 a factor of 10273?
False
Is 9596 even?
True
Does 30 divide 34860?
True
Does 58 divide 3886?
True
Is 32 a factor of 1161?
False
Is 258 a factor of 69435?
False
Does 5 divide 175?
True
Is 2720 a multiple of 40?
True
Does 3 divide 8683?
False
Is 9775 a multiple of 26?
False
Is 103446 a multiple of 18?
True
Does 4 divide 168?
True
Is 44794 a multiple of 42?
False
Does 21 divide 399?
True
Does 12 divide 72?
True
Is 36387 a multiple of 311?
True
Is 7 a factor of 3656?
False
Does 107 divide 1712?
True
Is 23460 a multiple of 102?
True
Does 6 divide 878?
False
Does 10 divide 1870?
True
Is 5 a factor of 56545?
True
Does 10 divide 2148?
False
Is 53 a factor of 568?
False
Is 13097 a multiple of 16?
False
Is 12 a factor of 528?
True
Is 472 a multiple of 118?
True
Is 35 a factor of 959?
False
Is 26 a factor of 69?
False
Is 4680 a multiple of 39?
True
Does 309 divide 66435?
True
Is 7 a factor of 1652?
True
Does 18 divide 1152?
True
Does 28 divide 608?
False
Does 10 divide 470?
True
Does 82 divide 9430?
True
Does 7 divide 1641?
False
Is 96 a factor of 576?
True
Does 46 divide 11132?
True
Is 38 a factor of 6152?
False
Is 640 a multiple of 31?
False
Does 13 divide 1989?
True
Is 2271 a multiple of 43?
False
Does 2 divide 4267?
False
Does 2 divide 48?
True
Is 2332 a multiple of 11?
True
Does 4 divide 2172?
True
Does 13 divide 96352?
False
Does 59 divide 118?
True
Does 167 divide 82241?
False
Is 525 a multiple of 25?
True
Is 1739 a multiple of 15?
False
Is 1050 a multiple of 14?
True
Is 13 a factor of 583?
False
Is 13600 a multiple of 17?
True
Is 4644 a multiple of 43?
True
Is 70 a factor of 11423?
False
Does 14 divide 78918?
True
Does 6 divide 54?
True
Is 1386 a multiple of 49?
False
Is 1037 a multiple of 22?
False
Is 26422 a multiple of 11?
True
Is 4785 a multiple of 15?
True
Is 10 a factor of 540?
True
Is 25 a factor of 2812?
False
Is 31220 a multiple of 20?
True
Is 253 a factor of 73623?
True
Does 137 divide 832?
False
Does 4 divide 908?
True
Is 716 a multiple of 20?
False
Is 5 a factor of 395?
True
Is 20528 a multiple of 60?
False
Is 9 a factor of 2862?
True
Is 3 a factor of 2787?
True
Does 174 divide 24020?
False
Is 2 a factor of 201?
False
Does 37 divide 15466?
True
Does 25 divide 110?
False
Is 41 a factor of 1230?
True
Is 11 a factor of 28094?
True
Is 7901 a multiple of 30?
False
Is 55 a factor of 29007?
False
Is 15 a factor of 12015?
True
Does 111 divide 857?
False
Is 4 a factor of 278?
False
Is 11 a factor of 1399?
False
Does 18 divide 204?
False
Is 418 a multiple of 11?
True
Is 7515 a multiple of 9?
True
Is 6 a factor of 6145?
False
Is 19494 a multiple of 125?
False
Is 12834 a multiple of 186?
True
Is 30 even?
True
Does 23 divide 1656?
True
Is 15510 a multiple of 126?
False
Does 16 divide 501?
False
Does 46 divide 8740?
True
Is 4952 a multiple of 14?
False
Is 42745 a multiple of 415?
True
Is 73 a factor of 1428?
False
Is 4099 a multiple of 7?
False
Is 3400 a multiple of 85?
True
Is 21736 a multiple of 11?
True
Is 175 a multiple of 5?
True
Does 5 divide 51?
False
Does 33 divide 16896?
True
Is 3 a factor of 879?
True
Is 19068 a multiple of 12?
True
Is 2397 a multiple of 103?
False
Is 34 a factor of 11050?
True
Does 20 divide 22040?
True
Is 2754 a multiple of 51?
True
Is 322 a multiple of 52?
False
Does 30 divide 1050?
True
Is 67122 a multiple of 113?
True
Is 35 a factor of 508?
False
Is 657 a multiple of 26?
False
Is 737 a multiple of 112?
False
Does 177 divide 12435?
False
Is 66 a factor of 2640?
True
Does 33 divide 31944?
True
Does 2 divide 42?
True
Is 2856 a multiple of 24?
True
Is 165 a factor of 7452?
False
Is 53 a factor of 771?
False
Is 3309 a multiple of 17?
False
Is 5 a factor of 379?
False
Is 4 a factor of 859?
False
Is 570 a multiple of 10?
True
Is 42016 a multiple of 16?
True
Does 18 divide 25137?
False
Is 138 a factor of 17250?
True
Does 21 divide 1743?
True
Is 27 a factor of 94655?
False
Is 52 a factor of 742?
False
Is 169 a factor of 7098?
True
Is 187951 a multiple of 29?
False
Does 29 divide 2236?
False
Is 463 a multiple of 6?
False
Is 30 a factor of 63600?
True
Does 29 divide 23192?
False
Does 45 divide 5715?
True
Is 7 a factor of 119?
True
Is 74 a factor of 2112?
False
Is 33516 a multiple of 38?
True
Does 102 divide 3978?
True
Is 13060 a multiple of 20?
True
Does 2 divide 207?
False
Does 198 divide 50886?
True
Is 2641 a multiple of 111?
False
Is 29 a factor of 79?
False
Does 14 divide 1058?
False
Is 120 a factor of 6234?
False
Is 79 a factor of 474?
True
Is 4 a factor of 860?
True
Is 14040 a multiple of 78?
True
Does 12 divide 6744?
True
Is 7 a factor of 13545?
True
Is 8721 a multiple of 27?
True
Does 59 divide 25539?
False
Is 39 a factor of 11630?
False
Does 8 divide 488?
True
Is 9 a multiple of 9?
True
Is 81 a factor of 1572?
False
Is 24 a factor of 672?
True
Is 8 a factor of 536?
True
Is 51 a factor of 11590?
False
Does 17 divide 2224?
False
Is 31 a factor of 11339?
False
Does 18 divide 7930?
False
Is 19 a factor of 3812?
False
Does 7 divide 5425?
True
Is 1056 a multiple of 33?
True
Is 1664 a multiple of 15?
False
Does 8 divide 11384?
True
Does 10 divide 52100?
True
Does 81 divide 10044?
True
Does 11 divide 715?
True
Is 157 a factor of 25277?
True
Is 3738 a multiple of 10?
False
Does 110 divide 9428?
False
Is 51 a factor of 16371?
True
Is 5453 a multiple of 19?
True
Is 74580 a multiple of 60?
True
Is 37323 a multiple of 87?
True
Does 91 divide 1183?
True
Does 11 divide 7502?
True
Is 75 a factor of 6675?
True
Is 35 a factor of 7546?
False
Is 5 a factor of 61?
False
Does 29 divide 4205?
True
Does 17 divide 5865?
True
Is 8272 a multiple of 16?
True
Does 18 divide 1584?
True
Is 848 a multiple of 16?
True
Is 102 a factor of 1632?
True
Is 39 a factor of 3549?
True
Is 20 a factor of 1180?
True
Is 246 a factor of 23370?
True
Is 2182 a multiple of 14?
False
Is 3 a factor of 407?
False
Is 1080 a multiple of 60?
True
Is 987 a multiple of 47?
True
Is 18272 a multiple of 61?
False
Is 130 a factor of 19500?
True
Is 4 a factor of 188?
True
Is 29 a factor of 12791?
False
Is 76 a factor of 9576?
True
Does 15 divide 478?
False
Is 6 a factor of 216?
True
Does 17 divide 29?
False
Is 12 a factor of 107889?
False
Is 157 a multiple of 7?
False
Does 9 divide 157?
False
Does 47 divide 